REPLACE INTO `rvs_category` (`rvs_category_id`, `category_name`, `category_sh_name`) VALUES ('17', 'Business', 'bs');
REPLACE INTO `rvs_charset` (`charset_id`, `charset_name`, `charset_value`, `xml_lang`) VALUES ('17', 'english', 'iso-8859-15', 'en');
REPLACE INTO `rvs_color` (`color_id`, `color_name`, `color_code`) VALUES ('59', 'Mediumppurple', '9370DB');
REPLACE INTO `rvs_color_group` (`color_group_id`, `color_id`) VALUES ('11', '59');
REPLACE INTO `rvs_color_group_name` (`color_group_id`, `default_color_id`) VALUES ('11', '62');
REPLACE INTO `rvs_component` (`rvs_component_id`, `component_name`, `rvs_owner_usr_id`, `use_wysiwyg`) VALUES ('d931c6fad2d24a8bb655e7424e35d1ba', 'Online_Form', 'a48d677a83e86bad3409488cbf13740c', '0');
REPLACE INTO `rvs_component_config` (`rvs_component_id`, `component_config`, `component_value`) VALUES ('d931c6fad2d24a8bb655e7424e35d1ba', 'active', '1');
REPLACE INTO `rvs_component_config` (`rvs_component_id`, `component_config`, `component_value`) VALUES ('d931c6fad2d24a8bb655e7424e35d1ba', 'isResellerConfig', '1');
REPLACE INTO `rvs_font` (`font_id`, `font_name`) VALUES ('12', 'Verdana');
REPLACE INTO `forms` (`id`, `username`, `title`, `height`, `status`) VALUES ('0cd10fc2cdb3ae105081fba86cf064a9', '99915651b7baafe91ed65aee3252bae3', 'contact us', '640', 'Enabled');
REPLACE INTO `questions` (`form_id`, `id`, `order`, `type`) VALUES ('0cd10fc2cdb3ae105081fba86cf064a9', '0', '1', 'control_textbox');
REPLACE INTO `questions` (`form_id`, `id`, `order`, `type`) VALUES ('0cd10fc2cdb3ae105081fba86cf064a9', '1', '2', 'control_textbox');
REPLACE INTO `questions` (`form_id`, `id`, `order`, `type`) VALUES ('0cd10fc2cdb3ae105081fba86cf064a9', '2', '3', 'control_textbox');
REPLACE INTO `questions` (`form_id`, `id`, `order`, `type`) VALUES ('0cd10fc2cdb3ae105081fba86cf064a9', '7', '5', 'control_textarea');
REPLACE INTO `questions` (`form_id`, `id`, `order`, `type`) VALUES ('0cd10fc2cdb3ae105081fba86cf064a9', '8', '6', 'control_button');
REPLACE INTO `questions` (`form_id`, `id`, `order`, `type`) VALUES ('0cd10fc2cdb3ae105081fba86cf064a9', '12', '4', 'control_textbox');
REPLACE INTO `question_properties` (`form_id`, `question_id`, `prop`, `value`) VALUES ('0cd10fc2cdb3ae105081fba86cf064a9', '0', 'desc', '');
REPLACE INTO `question_properties` (`form_id`, `question_id`, `prop`, `value`) VALUES ('0cd10fc2cdb3ae105081fba86cf064a9', '0', 'maxsize', '100');
REPLACE INTO `question_properties` (`form_id`, `question_id`, `prop`, `value`) VALUES ('0cd10fc2cdb3ae105081fba86cf064a9', '0', 'required', 'yes');
REPLACE INTO `question_properties` (`form_id`, `question_id`, `prop`, `value`) VALUES ('0cd10fc2cdb3ae105081fba86cf064a9', '0', 'size', '20');
REPLACE INTO `question_properties` (`form_id`, `question_id`, `prop`, `value`) VALUES ('0cd10fc2cdb3ae105081fba86cf064a9', '0', 'text', 'First Name');
REPLACE INTO `question_properties` (`form_id`, `question_id`, `prop`, `value`) VALUES ('0cd10fc2cdb3ae105081fba86cf064a9', '0', 'validation', 'no');
REPLACE INTO `question_properties` (`form_id`, `question_id`, `prop`, `value`) VALUES ('0cd10fc2cdb3ae105081fba86cf064a9', '1', 'desc', '');
REPLACE INTO `question_properties` (`form_id`, `question_id`, `prop`, `value`) VALUES ('0cd10fc2cdb3ae105081fba86cf064a9', '1', 'maxsize', '100');
REPLACE INTO `question_properties` (`form_id`, `question_id`, `prop`, `value`) VALUES ('0cd10fc2cdb3ae105081fba86cf064a9', '1', 'required', 'yes');
REPLACE INTO `question_properties` (`form_id`, `question_id`, `prop`, `value`) VALUES ('0cd10fc2cdb3ae105081fba86cf064a9', '1', 'size', '20');
REPLACE INTO `question_properties` (`form_id`, `question_id`, `prop`, `value`) VALUES ('0cd10fc2cdb3ae105081fba86cf064a9', '1', 'text', 'Last Name');
REPLACE INTO `question_properties` (`form_id`, `question_id`, `prop`, `value`) VALUES ('0cd10fc2cdb3ae105081fba86cf064a9', '1', 'validation', 'no');
REPLACE INTO `question_properties` (`form_id`, `question_id`, `prop`, `value`) VALUES ('0cd10fc2cdb3ae105081fba86cf064a9', '2', 'desc', '');
REPLACE INTO `question_properties` (`form_id`, `question_id`, `prop`, `value`) VALUES ('0cd10fc2cdb3ae105081fba86cf064a9', '2', 'maxsize', '100');
REPLACE INTO `question_properties` (`form_id`, `question_id`, `prop`, `value`) VALUES ('0cd10fc2cdb3ae105081fba86cf064a9', '2', 'required', 'yes');
REPLACE INTO `question_properties` (`form_id`, `question_id`, `prop`, `value`) VALUES ('0cd10fc2cdb3ae105081fba86cf064a9', '2', 'size', '20');
REPLACE INTO `question_properties` (`form_id`, `question_id`, `prop`, `value`) VALUES ('0cd10fc2cdb3ae105081fba86cf064a9', '2', 'text', 'E-mail');
REPLACE INTO `question_properties` (`form_id`, `question_id`, `prop`, `value`) VALUES ('0cd10fc2cdb3ae105081fba86cf064a9', '2', 'validation', 'Email');
REPLACE INTO `question_properties` (`form_id`, `question_id`, `prop`, `value`) VALUES ('0cd10fc2cdb3ae105081fba86cf064a9', '7', 'cols', '35');
REPLACE INTO `question_properties` (`form_id`, `question_id`, `prop`, `value`) VALUES ('0cd10fc2cdb3ae105081fba86cf064a9', '7', 'desc', '');
REPLACE INTO `question_properties` (`form_id`, `question_id`, `prop`, `value`) VALUES ('0cd10fc2cdb3ae105081fba86cf064a9', '7', 'required', 'yes');
REPLACE INTO `question_properties` (`form_id`, `question_id`, `prop`, `value`) VALUES ('0cd10fc2cdb3ae105081fba86cf064a9', '7', 'rows', '10');
REPLACE INTO `question_properties` (`form_id`, `question_id`, `prop`, `value`) VALUES ('0cd10fc2cdb3ae105081fba86cf064a9', '7', 'text', 'Your Message');
REPLACE INTO `question_properties` (`form_id`, `question_id`, `prop`, `value`) VALUES ('0cd10fc2cdb3ae105081fba86cf064a9', '7', 'validation', 'no');
REPLACE INTO `question_properties` (`form_id`, `question_id`, `prop`, `value`) VALUES ('0cd10fc2cdb3ae105081fba86cf064a9', '8', 'clear', 'no');
REPLACE INTO `question_properties` (`form_id`, `question_id`, `prop`, `value`) VALUES ('0cd10fc2cdb3ae105081fba86cf064a9', '8', 'submittext', 'Submit');
REPLACE INTO `question_properties` (`form_id`, `question_id`, `prop`, `value`) VALUES ('0cd10fc2cdb3ae105081fba86cf064a9', '8', 'text', '');
REPLACE INTO `question_properties` (`form_id`, `question_id`, `prop`, `value`) VALUES ('0cd10fc2cdb3ae105081fba86cf064a9', '12', 'desc', '');
REPLACE INTO `question_properties` (`form_id`, `question_id`, `prop`, `value`) VALUES ('0cd10fc2cdb3ae105081fba86cf064a9', '12', 'maxsize', '100');
REPLACE INTO `question_properties` (`form_id`, `question_id`, `prop`, `value`) VALUES ('0cd10fc2cdb3ae105081fba86cf064a9', '12', 'required', 'no');
REPLACE INTO `question_properties` (`form_id`, `question_id`, `prop`, `value`) VALUES ('0cd10fc2cdb3ae105081fba86cf064a9', '12', 'size', '20');
REPLACE INTO `question_properties` (`form_id`, `question_id`, `prop`, `value`) VALUES ('0cd10fc2cdb3ae105081fba86cf064a9', '12', 'text', 'Phone');
REPLACE INTO `question_properties` (`form_id`, `question_id`, `prop`, `value`) VALUES ('0cd10fc2cdb3ae105081fba86cf064a9', '12', 'validation', 'no');
REPLACE INTO `question_properties` (`form_id`, `question_id`, `prop`, `value`) VALUES ('0cd10fc2cdb3ae105081fba86cf064a9', '999', 'alignment', 'default');
REPLACE INTO `question_properties` (`form_id`, `question_id`, `prop`, `value`) VALUES ('0cd10fc2cdb3ae105081fba86cf064a9', '999', 'background', 'white');
REPLACE INTO `question_properties` (`form_id`, `question_id`, `prop`, `value`) VALUES ('0cd10fc2cdb3ae105081fba86cf064a9', '999', 'conf_body', 'Thanks for submitting our form, we will get back to you as soon as possible.');
REPLACE INTO `question_properties` (`form_id`, `question_id`, `prop`, `value`) VALUES ('0cd10fc2cdb3ae105081fba86cf064a9', '999', 'conf_send', 'no');
REPLACE INTO `question_properties` (`form_id`, `question_id`, `prop`, `value`) VALUES ('0cd10fc2cdb3ae105081fba86cf064a9', '999', 'conf_subj', 'Submission Received');
REPLACE INTO `question_properties` (`form_id`, `question_id`, `prop`, `value`) VALUES ('0cd10fc2cdb3ae105081fba86cf064a9', '999', 'disabled', 'Enabled');
REPLACE INTO `question_properties` (`form_id`, `question_id`, `prop`, `value`) VALUES ('0cd10fc2cdb3ae105081fba86cf064a9', '999', 'email', 'yes');
REPLACE INTO `question_properties` (`form_id`, `question_id`, `prop`, `value`) VALUES ('0cd10fc2cdb3ae105081fba86cf064a9', '999', 'email_addr', 'mike@kobelslandscaping.com');
REPLACE INTO `question_properties` (`form_id`, `question_id`, `prop`, `value`) VALUES ('0cd10fc2cdb3ae105081fba86cf064a9', '999', 'ext_sendpostdata', 'no');
REPLACE INTO `question_properties` (`form_id`, `question_id`, `prop`, `value`) VALUES ('0cd10fc2cdb3ae105081fba86cf064a9', '999', 'font', 'Verdana');
REPLACE INTO `question_properties` (`form_id`, `question_id`, `prop`, `value`) VALUES ('0cd10fc2cdb3ae105081fba86cf064a9', '999', 'fontcolor', '#32004b');
REPLACE INTO `question_properties` (`form_id`, `question_id`, `prop`, `value`) VALUES ('0cd10fc2cdb3ae105081fba86cf064a9', '999', 'fontsize', '12');
REPLACE INTO `question_properties` (`form_id`, `question_id`, `prop`, `value`) VALUES ('0cd10fc2cdb3ae105081fba86cf064a9', '999', 'not_subj', 'New Submission: {qForm Title}');
REPLACE INTO `question_properties` (`form_id`, `question_id`, `prop`, `value`) VALUES ('0cd10fc2cdb3ae105081fba86cf064a9', '999', 'sendpostdata', 'yes');
REPLACE INTO `question_properties` (`form_id`, `question_id`, `prop`, `value`) VALUES ('0cd10fc2cdb3ae105081fba86cf064a9', '999', 'spamcheck', 'Enabled');
REPLACE INTO `question_properties` (`form_id`, `question_id`, `prop`, `value`) VALUES ('0cd10fc2cdb3ae105081fba86cf064a9', '999', 'thanktext', 'Thanks for submitting our form, we will get back to you as soon as possible.');
REPLACE INTO `question_properties` (`form_id`, `question_id`, `prop`, `value`) VALUES ('0cd10fc2cdb3ae105081fba86cf064a9', '999', 'theme', 'Default');
REPLACE INTO `question_properties` (`form_id`, `question_id`, `prop`, `value`) VALUES ('0cd10fc2cdb3ae105081fba86cf064a9', '999', 'use_buildin_formmail', 'yes');
REPLACE INTO `question_properties` (`form_id`, `question_id`, `prop`, `value`) VALUES ('0cd10fc2cdb3ae105081fba86cf064a9', '999', 'width', '100%');
REPLACE INTO `question_utf8` (`form_id`, `utf8format`) VALUES ('0cd10fc2cdb3ae105081fba86cf064a9', '1');
REPLACE INTO `rvs_layout_template` (`layout_template_id`, `layout_template_name`, `layout_template_data`, `layout_template_desc`, `layout_template_preview`, `layout_template_head`, `layout_group_id`) VALUES ('9dd12b138426f964f6fd2f38525976f9', 'Gallery style 2', '\n<!-- ####### LAYOUT CSS: MODIFY COLOR, FONT AND BOX SIZE HERE BUT DO NOT DELETE. ####### -->\n<style type=\"text/css\">\r\n\r\ntable { \r\n\r\n	font-size:100%;\r\n\r\n	color:#535353;\r\n\r\n	font-family:Verdana, Arial, Helvetica, sans-serif;\r\n\r\n	} \r\n\r\nbody { \r\n\r\n	font-size:80%;\r\n\r\n	color:#535353;\r\n\r\n	margin:0;\r\n\r\n	padding:0;\r\n\r\n}\r\n\r\n.headerMaroon {\r\n\r\n	color:#710909;\r\n\r\n	background-color:#F7EAEA;\r\n\r\n	font-weight:bold;\r\n\r\n	font-size:110%;\r\n\r\n	padding:3px 0 5px 0;\r\n\r\n}\r\n\r\n.framePic {\r\n\r\n	border:#E0E0E0 1px solid;\r\n\r\n	padding:10px;\r\n\r\n	text-align:center;\r\n\r\n	vertical-align:top;\r\n\r\n	height:117px;\r\n\r\n	width:80px;\r\n\r\n}\r\n\r\n.framePic div.name {\r\n\r\n	color:#4F4D4D;\r\n\r\n	font-weight:bold;\r\n\r\n	padding:5px 0 0px 0px;\r\n\r\n}\r\n\r\n.rightFrame {\r\n\r\n	background-image:url(images/rightFrame.jpg);\r\n\r\n	background-repeat:no-repeat;\r\n\r\n	background-position:top left;\r\n\r\n	width:24%;\r\n\r\n}\r\n\r\n.bottomFrame {\r\n\r\n	background-image:url(images/bottomFrame.jpg);\r\n\r\n	background-repeat:no-repeat;\r\n\r\n	background-position:top right;\r\n\r\n	height:15px;\r\n\r\n}\r\n\r\n.cornerFrame {\r\n\r\n	background-image:url(images/corner.jpg);\r\n\r\n	background-repeat:no-repeat;\r\n\r\n	background-position:top left;\r\n\r\n	height:15px;\r\n\r\n	width:19px;\r\n\r\n}\r\n\r\n.border {\r\n\r\n	border:3px dashed #CCCCCC;\r\n\r\n	padding:6px;\r\n\r\n}\r\n\r\n.border .bg {\r\n\r\n	background-color:#F7EAEA;\r\n\r\n	padding:10px;\r\n\r\n}\r\n\r\n.border .bg .title {\r\n\r\n	color:#710909;\r\n\r\n	background-color:#F7EAEA;\r\n\r\n	font-weight:bold;\r\n\r\n	font-size:100%;\r\n\r\n	padding:3px 0 5px 0;\r\n\r\n}\r\n\r\n.border .bg ul {\r\n\r\n	margin:0;\r\n\r\n	padding:0 0 0 20px;\r\n\r\n}\r\n\r\n.border .bg ul li {\r\n\r\n	padding:3px 10px 2px 0px;\r\n\r\n}\r\n\r\n</style>\n<!-- ########################### END CSS LAYOUT ###########################  -->\n<table width=\"100%\" border=\"0\" cellspacing=\"0\" cellpadding=\"0\">\r\n\r\n	<tr>\r\n\r\n		<td>\r\n\r\n			<div class=\"headerMaroon\">:: Gratuitous octopus niacin ::</div>\r\n\r\n			<div style=\"padding:10px 20px\">\r\n\r\n				<table border=\"0\" cellspacing=\"0\" cellpadding=\"0\" width=\"100%\">\r\n\r\n					<tr>\r\n\r\n						<td class=\"framePic\">\r\n\r\n							<div><img src=\"images/80x80.gif\" alt=\"\" width=\"80\" height=\"80\" /></div>\r\n\r\n							<div class=\"name\">Hic escorol</div>\r\n\r\n							<div>5560021</div>\r\n\r\n						</td>\r\n\r\n						<td class=\"rightFrame\"></td>\r\n\r\n						<td class=\"framePic\">\r\n\r\n							<div><img src=\"images/80x80.gif\" alt=\"\" width=\"80\" height=\"80\" /></div>\r\n\r\n							<div class=\"name\">Hic escorol</div>\r\n\r\n							<div>5560021</div>\r\n\r\n						</td>\r\n\r\n						<td class=\"rightFrame\"></td>\r\n\r\n						<td class=\"framePic\">\r\n\r\n							<div><img src=\"images/80x80.gif\" alt=\"\" width=\"80\" height=\"80\" /></div>\r\n\r\n							<div class=\"name\">hic escorol</div>\r\n\r\n							<div>5560021</div>\r\n\r\n						</td>\r\n\r\n						<td class=\"rightFrame\"></td>\r\n\r\n						<td class=\"framePic\">\r\n\r\n							<div><img src=\"images/80x80.gif\" alt=\"\" width=\"80\" height=\"80\" /></div>\r\n\r\n							<div class=\"name\">hic escorol</div>\r\n\r\n							<div>5560021</div>\r\n\r\n						</td>\r\n\r\n						<td class=\"rightFrame\"></td>\r\n\r\n					</tr>\r\n\r\n					<tr>\r\n\r\n						<td class=\"bottomFrame\"></td>\r\n\r\n						<td class=\"cornerFrame\"></td>\r\n\r\n						<td class=\"bottomFrame\"></td>\r\n\r\n						<td class=\"cornerFrame\"></td>\r\n\r\n						<td class=\"bottomFrame\"></td>\r\n\r\n						<td class=\"cornerFrame\"></td>\r\n\r\n						<td class=\"bottomFrame\"></td>\r\n\r\n						<td class=\"cornerFrame\"></td>\r\n\r\n					</tr>\r\n\r\n					<tr>\r\n\r\n						<td class=\"framePic\">\r\n\r\n							<div><img src=\"images/80x80.gif\" alt=\"\" width=\"80\" height=\"80\" /></div>\r\n\r\n							<div class=\"name\">Hic escorol</div>\r\n\r\n							<div>5560021</div>\r\n\r\n						</td>\r\n\r\n						<td class=\"rightFrame\"></td>\r\n\r\n						<td class=\"framePic\">\r\n\r\n							<div><img src=\"images/80x80.gif\" alt=\"\" width=\"80\" height=\"80\" /></div>\r\n\r\n							<div class=\"name\">Hic escorol</div>\r\n\r\n							<div>5560021</div>\r\n\r\n						</td>\r\n\r\n						<td class=\"rightFrame\"></td>\r\n\r\n						<td class=\"framePic\">\r\n\r\n							<div><img src=\"images/80x80.gif\" alt=\"\" width=\"80\" height=\"80\" /></div>\r\n\r\n							<div class=\"name\">hic escorol</div>\r\n\r\n							<div>5560021</div>\r\n\r\n						</td>\r\n\r\n						<td class=\"rightFrame\"></td>\r\n\r\n						<td class=\"framePic\">\r\n\r\n							<div><img src=\"images/80x80.gif\" alt=\"\" width=\"80\" height=\"80\" /></div>\r\n\r\n							<div class=\"name\">hic escorol</div>\r\n\r\n							<div>5560021</div>\r\n\r\n						</td>\r\n\r\n						<td class=\"rightFrame\"></td>\r\n\r\n					</tr>\r\n\r\n					<tr>\r\n\r\n						<td class=\"bottomFrame\"></td>\r\n\r\n						<td class=\"cornerFrame\"></td>\r\n\r\n						<td class=\"bottomFrame\"></td>\r\n\r\n						<td class=\"cornerFrame\"></td>\r\n\r\n						<td class=\"bottomFrame\"></td>\r\n\r\n						<td class=\"cornerFrame\"></td>\r\n\r\n						<td class=\"bottomFrame\"></td>\r\n\r\n						<td class=\"cornerFrame\"></td>\r\n\r\n					</tr>\r\n\r\n				</table>\r\n\r\n			</div>\r\n\r\n			<div class=\"border\">\r\n\r\n				<div class=\"bg\">\r\n\r\n					<div class=\"title\">Marquee selectus non provisio</div>\r\n\r\n					<div>\r\n\r\n						<ul>\r\n\r\n							<li>Olypian quarrels et gorilla congolium sic ad nauseum.</li>\r\n\r\n							<li>Souvlaki ignitus carborundum e pluribus unum. Defacto lingo est igpay atinlay.</li>\r\n\r\n							<li>Marquee selectus non provisio incongruous feline nolo contendre.</li>\r\n\r\n							<li>Gratuitous octopus niacin, sodium glutimate.</li>\r\n\r\n							<li>Quote meon an estimate et non pro quo hic escorol. Olypian quarrels et gorilla congolium sic ad nauseum.</li>\r\n\r\n						</ul>\r\n\r\n						\r\n\r\n					</div>\r\n\r\n				</div>\r\n\r\n			</div>\r\n\r\n		</td>\r\n\r\n	</tr>\r\n\r\n</table>', '', 'b_layoutGal02.jpg', '', '2');
REPLACE INTO `rvs_layout_group` (`layout_group_id`, `layout_group_name`, `layout_category_id`) VALUES ('2', 'gallery style', '1');
REPLACE INTO `rvs_navigator_name` (`navigator_name_id`, `navigator_name`) VALUES ('9', 'h_tab_middle');
REPLACE INTO `rvs_online_counter` (`counter_id`, `counter_name`, `rvs_usr_id`, `project_id`, `project_page_id`, `counter_style`, `max_digit`, `frame`, `cpmode`, `counter_tag`) VALUES ('6b01554e3c369cbad4df3f766cbb8da5', 'Visitors', '7c32d0277a1d1e880f94328034128a2a', '99915651b7baafe91ed65aee3252bae3', '', '6', '5', '1', ' . CPMODE . ', '\n\n&lt;img src=\"/cgi-sys/Count.cgi?df=Visitors.dat|display=Counter|ft=1|md=5|frgb=0;0;0|dd=6\"&gt;\n\n');
REPLACE INTO `rvs_project_page_out_seggestion` (`project_page_id`, `out_suggestion_id`) VALUES ('3e0bcbf35f0bb93d7e60564d566dd4b8', '1');
REPLACE INTO `rvs_project_page_out_seggestion` (`project_page_id`, `out_suggestion_id`) VALUES ('cbcd74865472d1e2da32beacbf7b80d7', '2');
REPLACE INTO `rvs_project_page_out_seggestion` (`project_page_id`, `out_suggestion_id`) VALUES ('e10175190b2e8dd7f2567eba87425e4b', '3');
REPLACE INTO `rvs_project_page_out_seggestion` (`project_page_id`, `out_suggestion_id`) VALUES ('ec8b1779ccc13940065ec50b3a9874bd', '5');
REPLACE INTO `rvs_project_page_out_seggestion` (`project_page_id`, `out_suggestion_id`) VALUES ('307fb1ea85a1a84f005eaada0030831c', '9');
REPLACE INTO `rvs_project_page_out_seggestion` (`project_page_id`, `out_suggestion_id`) VALUES ('2f5ad31bdc196b1607a8d594d27e44a1', '0');
REPLACE INTO `rvs_out_suggestion` (`out_suggestion_id`, `out_suggestion_name`, `description_keylang`) VALUES ('1', 'Home', 'our suggestion Home description');
REPLACE INTO `rvs_out_suggestion` (`out_suggestion_id`, `out_suggestion_name`, `description_keylang`) VALUES ('2', 'About us', 'our suggestion About us description');
REPLACE INTO `rvs_out_suggestion` (`out_suggestion_id`, `out_suggestion_name`, `description_keylang`) VALUES ('3', 'News & Events', 'our suggestion News & Events description');
REPLACE INTO `rvs_out_suggestion` (`out_suggestion_id`, `out_suggestion_name`, `description_keylang`) VALUES ('5', 'Services', 'our suggestion Services description');
REPLACE INTO `rvs_out_suggestion` (`out_suggestion_id`, `out_suggestion_name`, `description_keylang`) VALUES ('9', 'Contact Us@@Online_Form', 'our suggestion Contact Us description');
REPLACE INTO `rvs_picture` (`picture_id`, `picture_name`) VALUES ('83', 'mobile');
REPLACE INTO `rvs_project` (`project_id`, `project_info_id`, `rvs_usr_id`, `project_name`, `project_directory`, `utf8format`) VALUES ('99915651b7baafe91ed65aee3252bae3', '799a70c1e8fd8a69941c2af65a1cf2e0', '7c32d0277a1d1e880f94328034128a2a', 'kobelslandscaping', '', '1');
REPLACE INTO `rvs_project_info` (`project_info_id`, `template_item_id`, `font_id`, `navigator_id`, `rvs_category_id`, `charset_id`, `project_company`, `project_slogan`, `project_logo`, `project_title`, `project_keyword`, `project_description`, `project_domain`, `check_step`, `effect_site_enter`, `duration_site_enter`, `last_update`, `layout_template_id`, `i_pathway`, `i_mail`, `i_print`, `i_favorite`, `no_slogan`, `no_company_name`, `navigator_name_id`, `is_member_page`) VALUES ('799a70c1e8fd8a69941c2af65a1cf2e0', '1f3769621012e836d8806a6cb9e0aefb', '12', '96b871215f096d868abf9e34c95d0381', '17', '17', '<div><strong style=\"nullfont-size: 64px\" face=\"Arial\" color=\"#609f60\"><em><font style=\"font-size: 24px\" color=\"#609f60\">Kobel\'s Landscaping</font></em></strong></div>', '<div><strong style=\"&quot;&quot;nullnull\" face=\"Arial\" color=\"#609f60\"><em face=\"Arial\"><font color=\"#609f60\" style=\"&quot;nullnull\" face=\"Arial\">Our Roots Are In Coshocton</font></em></strong><em></em><strong></strong><font face=\"Arial\"></font></div>', 'LOGO.png', '', '', '', 'kobelslandscaping.com', '5', NULL, NULL, '1362321938', '9dd12b138426f964f6fd2f38525976f9', '1', '1', '1', '1', '0', '0', '9', '0');
REPLACE INTO `rvs_project_layout_page` (`project_id`, `project_page_id`, `parent_project_page_id`, `priority`, `is_home`) VALUES ('99915651b7baafe91ed65aee3252bae3', '3e0bcbf35f0bb93d7e60564d566dd4b8', '0', '1', '1');
REPLACE INTO `rvs_project_layout_page` (`project_id`, `project_page_id`, `parent_project_page_id`, `priority`, `is_home`) VALUES ('99915651b7baafe91ed65aee3252bae3', 'cbcd74865472d1e2da32beacbf7b80d7', '0', '2', '0');
REPLACE INTO `rvs_project_layout_page` (`project_id`, `project_page_id`, `parent_project_page_id`, `priority`, `is_home`) VALUES ('99915651b7baafe91ed65aee3252bae3', 'e10175190b2e8dd7f2567eba87425e4b', '0', '3', '0');
REPLACE INTO `rvs_project_layout_page` (`project_id`, `project_page_id`, `parent_project_page_id`, `priority`, `is_home`) VALUES ('99915651b7baafe91ed65aee3252bae3', 'ec8b1779ccc13940065ec50b3a9874bd', '0', '4', '0');
REPLACE INTO `rvs_project_layout_page` (`project_id`, `project_page_id`, `parent_project_page_id`, `priority`, `is_home`) VALUES ('99915651b7baafe91ed65aee3252bae3', '307fb1ea85a1a84f005eaada0030831c', '0', '6', '0');
REPLACE INTO `rvs_project_layout_page` (`project_id`, `project_page_id`, `parent_project_page_id`, `priority`, `is_home`) VALUES ('99915651b7baafe91ed65aee3252bae3', '2f5ad31bdc196b1607a8d594d27e44a1', '0', '5', '0');
REPLACE INTO `rvs_project_page` (`project_page_id`, `rvs_usr_id`, `page_name`, `custom_page_name`, `rvs_component_id`, `page_data`, `page_data_zone_2`, `page_data_zone_3`, `page_data_zone_4`, `colume_width_1`, `colume_width_2`, `colume_width_3`, `rvs_layout_id`, `head`, `page_title`, `meta_keyword`, `meta_description`, `effect_page_enter`, `duration_page_enter`, `meta_page_effect`, `rvs_link_id`, `target`, `form_template_id`, `i_pathway`, `i_mail`, `i_print`, `i_favorite`, `last_modifier`, `link_active`, `page_type`, `blank_page`, `set_draft`, `is_member_page`) VALUES ('3e0bcbf35f0bb93d7e60564d566dd4b8', '7c32d0277a1d1e880f94328034128a2a', 'Home', '', '0', '<table cellpadding=\"1\" cellspacing=\"1\" class=\"rvFrame\" width=\"780\">\r\n<tbody>\r\n<tr>\r\n<td class=\"tdSolid\" align=\"left\" valign=\"top\" colspan=\"2\">\r\n<div class=\"dashView\">\r\n<table cellpadding=\"8\" cellspacing=\"0\" width=\"100%\">\r\n<tbody>\r\n<tr>\r\n<td valign=\"top\" colspan=\"2\" style=\"padding: 5px 0\">\r\n<h2 style=\"margin: 2px; font-size: 1.3em\"><u><font style=\"font-size: large\">Welcome To Kobel\'s Landscaping</font></u></h2>\r\n<div><u><br />\r\n</u></div>\r\n<div>56161 County Road 143 West Lafayette, OH 43845</div>\r\n<div>Next To Raven\'s Glenn Winery</div>\r\n<div>740-545-6656 Office</div>\r\n<div>740-502-7689 Cell</div>\r\n<div>&nbsp;</div>\r\n<div><u>\r\n<div></div></u></div></td></tr>\r\n<tr>\r\n<td valign=\"top\">\r\n<div><img src=\"{IMAGE_URL}/799resize1.jpg\" width=\"450\" height=\"335\" title=\"\" alt=\"\" /><font style=\"font-size: large\"><br />\r\n</font></div></td>\r\n<td width=\"99%\" valign=\"top\"><font style=\"font-size: larger\">We are proud to announce the addition of our Retail Store opening April 1st, 2013. In addition to the fine service you have grown to love by Kobel\'s Landscaping Service, we will now have annuals, perennials, trees and mulch available for all of your lawn and landscaping needs at our new greenhouse off of State Route 36.<br />\r\n<br />Please drop by and see how we grow and provide you with everything you will need to make your home or business look the best it can! We have been in Coshocton a long time and expect to be around a long time giving you what you ask for.</font></td></tr>\r\n<tr>\r\n<td align=\"left\" valign=\"top\" colspan=\"2\" style=\"padding: 5px\"><br />\r\n</td></tr></tbody></table></div></td></tr>\r\n<tr>\r\n<td class=\"tdSolid\" align=\"left\" valign=\"top\">\r\n<div class=\"dashView\">\r\n<table cellpadding=\"5\" cellspacing=\"0\" width=\"100%\">\r\n<tbody>\r\n<tr>\r\n<td align=\"center\" colspan=\"2\"><span class=\"style1\" style=\"padding: 5px\">&nbsp; &nbsp; &nbsp; &nbsp;<img src=\"{IMAGE_URL}/797resize1.jpg\" width=\"400\" height=\"298\" title=\"\" alt=\"\" />&nbsp; &nbsp;<br />\r\n<br /><strong><font style=\"font-size: larger\">Retaining Walls</font></strong><br />\r\n<br />&nbsp; &nbsp; &nbsp;&nbsp;<img src=\"{IMAGE_URL}/841resize1.jpg\" width=\"400\" height=\"299\" title=\"\" alt=\"\" /><br />\r\n</span></td></tr>\r\n<tr>\r\n<td colspan=\"2\" align=\"center\"><strong><font style=\"font-size: larger\">&nbsp; Mulching</font></strong><br />\r\n<br />&nbsp; &nbsp; &nbsp; &nbsp;<img src=\"{IMAGE_URL}/704resize1.jpg\" width=\"400\" height=\"299\" title=\"\" alt=\"\" />&nbsp;<br />\r\n<br /><strong><font style=\"font-size: larger\">Trees</font></strong><br />\r\n<br />&nbsp; &nbsp; &nbsp;&nbsp;<img src=\"{IMAGE_URL}/810resize1.jpg\" width=\"400\" height=\"299\" title=\"\" alt=\"\" /><br />\r\n<br /><strong><font style=\"font-size: larger\">Plants</font></strong><br />\r\n<br />&nbsp; &nbsp; &nbsp; &nbsp; &nbsp; &nbsp; &nbsp; &nbsp; &nbsp; &nbsp; &nbsp; &nbsp; &nbsp; &nbsp; &nbsp; &nbsp; &nbsp; &nbsp; &nbsp; &nbsp; &nbsp; &nbsp; &nbsp; &nbsp; &nbsp; &nbsp; &nbsp; &nbsp; &nbsp; &nbsp; &nbsp; &nbsp; &nbsp; &nbsp; &nbsp; &nbsp; &nbsp; &nbsp; &nbsp; &nbsp; &nbsp; &nbsp; &nbsp; &nbsp; &nbsp; &nbsp; &nbsp; &nbsp; &nbsp; &nbsp;</td></tr>\r\n<tr>\r\n<td align=\"left\" valign=\"top\">&nbsp;&nbsp;</td>\r\n<td align=\"left\" valign=\"top\" width=\"99%\"><br />\r\n</td></tr></tbody></table></div></td></tr></tbody></table>', '', '', '', NULL, NULL, NULL, '1', '', NULL, NULL, NULL, NULL, NULL, '', '', '', '', NULL, NULL, NULL, NULL, '1362325084', NULL, '', '0', '0', '0');
REPLACE INTO `rvs_project_page` (`project_page_id`, `rvs_usr_id`, `page_name`, `custom_page_name`, `rvs_component_id`, `page_data`, `page_data_zone_2`, `page_data_zone_3`, `page_data_zone_4`, `colume_width_1`, `colume_width_2`, `colume_width_3`, `rvs_layout_id`, `head`, `page_title`, `meta_keyword`, `meta_description`, `effect_page_enter`, `duration_page_enter`, `meta_page_effect`, `rvs_link_id`, `target`, `form_template_id`, `i_pathway`, `i_mail`, `i_print`, `i_favorite`, `last_modifier`, `link_active`, `page_type`, `blank_page`, `set_draft`, `is_member_page`) VALUES ('cbcd74865472d1e2da32beacbf7b80d7', '7c32d0277a1d1e880f94328034128a2a', 'About us', '', '0', '<table cellpadding=\"1\" cellspacing=\"1\" class=\"rvFrame\" width=\"780\">\r\n<tbody>\r\n<tr>\r\n<td class=\"tdSolid\" align=\"left\" valign=\"top\">\r\n<div class=\"dashView\">&nbsp;</div></td></tr>	\r\n<tr>\r\n<td class=\"tdSolid\" align=\"left\" valign=\"top\">\r\n<div class=\"dashView\">\r\n<table cellpadding=\"5\" cellspacing=\"0\" width=\"100%\">\r\n<tbody>\r\n<tr>\r\n<td valign=\"top\" style=\"padding: 20px 10px 20px 0\"><img src=\"{IMAGE_URL}/771resize1.jpg\" width=\"450\" height=\"336\" title=\"\" alt=\"\" /><br />\r\n</td>\r\n<td width=\"99%\" valign=\"top\" align=\"left\" style=\"padding: 20px 10px 20px 0\"><strong style=\"&quot;&quot;null\"></strong><font style=\"font-size: large\"><strong>Mike Kobel<br />\r\n</strong><br />\r\n<font style=\"font-size: small\"></font><strong></strong><strong></strong><font style=\"font-size: medium\"><font style=\"font-size: small\">Mike has 30 years of experience working with plants. Born and raised in the nursery and garden center business, Kobel\'s Nursery was first started by his grandfather. As the business grew, Mike\'s parents opened Kobel\'s Garden Center. Mike worked along side his family until 2008 when he opened his own landscaping business. Throughout his lifetime involvement with plants, Mike has worked in every aspect of the business. He has grown, sold and maintained annuals, perennials, trees and nursery stock. While the business has substantially grown, getting back to the retail sector has always been a goal.<br />\r\n</font><br />\r\n<font style=\"font-size: small\">Kobel\'s will continue to offer full service landscaping, maintenance, patio &amp; wall installation and ponds while adding a retail store. The addition of a retail store that will offer annuals, perennials, landscaping plants and trees only rounds out the final goal of a full service choice for all of your garden and landscaping needs.<br />\r\n<br />Mike will continue to offer a family business along with his wife Mary and their daughters Emily, Sophia and Bridget.&nbsp;</font></font><br />\r\n<br /></font></td></tr></tbody></table></div></td></tr>	</tbody></table>', '', '', '', NULL, NULL, NULL, '1', '', NULL, NULL, NULL, NULL, NULL, '', '', '', '', NULL, NULL, NULL, NULL, '1362324013', NULL, '', '0', '0', '0');
REPLACE INTO `rvs_project_page` (`project_page_id`, `rvs_usr_id`, `page_name`, `custom_page_name`, `rvs_component_id`, `page_data`, `page_data_zone_2`, `page_data_zone_3`, `page_data_zone_4`, `colume_width_1`, `colume_width_2`, `colume_width_3`, `rvs_layout_id`, `head`, `page_title`, `meta_keyword`, `meta_description`, `effect_page_enter`, `duration_page_enter`, `meta_page_effect`, `rvs_link_id`, `target`, `form_template_id`, `i_pathway`, `i_mail`, `i_print`, `i_favorite`, `last_modifier`, `link_active`, `page_type`, `blank_page`, `set_draft`, `is_member_page`) VALUES ('e10175190b2e8dd7f2567eba87425e4b', '7c32d0277a1d1e880f94328034128a2a', 'News & Event', '', '0', '<table cellpadding=\"1\" cellspacing=\"1\" class=\"rvFrame\" width=\"780\">\r\n<tbody>\r\n<tr>\r\n<td class=\"tdSolid\" align=\"left\" valign=\"top\" width=\"30%\">\r\n<div class=\"dashView\">\r\n<table cellpadding=\"3\" cellspacing=\"0\" width=\"100%\">\r\n<tbody>\r\n<tr>\r\n<td width=\"99%\" align=\"left\" valign=\"top\">\r\n<div style=\"padding-bottom: 15px\">\r\n<h2 style=\"margin: 5px 0 8px 0; font-size: 1.1em\">Upcoming Stuff at the greenhouse.\r\n<div>&nbsp; &nbsp;</div></h2>Class</div>\r\n<div style=\"padding-bottom: 15px\">\r\n<h2 style=\"margin: 5px 0 8px 0; font-size: 1.1em\">More Stuff</h2>Description.				</div>\r\n<div style=\"padding-bottom: 15px\">\r\n<h2 style=\"margin: 5px 0 8px 0; font-size: 1.1em\">And More Stuff</h2>Description</div></td></tr></tbody></table></div></td>\r\n<td class=\"tdSolid\" align=\"left\" valign=\"top\" width=\"70%\">\r\n<div class=\"dashView\">\r\n<table cellpadding=\"5\" cellspacing=\"0\" width=\"100%\">\r\n<tbody>\r\n<tr>\r\n<td width=\"99%\" align=\"center\" valign=\"top\">\r\n<h2 style=\"margin: 0 1px 10px 1px; font-size: 1.3em; text-align: center\"> Garden Show</h2><img src=\"{LIBRARY_URL}/330x190/b47.jpg\" alt=\"\" width=\"330\" height=\"190\" /></td></tr>\r\n<tr>\r\n<td width=\"99%\" align=\"left\" valign=\"top\">\r\n<p align=\"center\">When it will be.</p></td></tr></tbody></table></div></td></tr>			</tbody></table>', '', '', '', NULL, NULL, NULL, '1', '', NULL, NULL, NULL, NULL, NULL, '', '', '', '', NULL, NULL, NULL, NULL, '1361145825', NULL, '', '0', '0', '0');
REPLACE INTO `rvs_project_page` (`project_page_id`, `rvs_usr_id`, `page_name`, `custom_page_name`, `rvs_component_id`, `page_data`, `page_data_zone_2`, `page_data_zone_3`, `page_data_zone_4`, `colume_width_1`, `colume_width_2`, `colume_width_3`, `rvs_layout_id`, `head`, `page_title`, `meta_keyword`, `meta_description`, `effect_page_enter`, `duration_page_enter`, `meta_page_effect`, `rvs_link_id`, `target`, `form_template_id`, `i_pathway`, `i_mail`, `i_print`, `i_favorite`, `last_modifier`, `link_active`, `page_type`, `blank_page`, `set_draft`, `is_member_page`) VALUES ('ec8b1779ccc13940065ec50b3a9874bd', '7c32d0277a1d1e880f94328034128a2a', 'Services', '', '0', '<div align=\"left\">\r\n<table cellpadding=\"1\" cellspacing=\"1\" class=\"rvFrame\" width=\"780\">\r\n<tbody>\r\n<tr>\r\n<td class=\"tdSolid\" align=\"left\" valign=\"top\" width=\"100%\">\r\n<div class=\"dashView\">\r\n<table cellpadding=\"3\" cellspacing=\"0\" width=\"100%\">\r\n<tbody>\r\n<tr>\r\n<td width=\"99%\" align=\"left\" valign=\"top\">\r\n<h2 style=\"margin: 3px 1px 3px 1px; font-size: 1.2em\">Expert Services</h2></td></tr>\r\n<tr>\r\n<td align=\"center\" valign=\"top\">\r\n<div align=\"left\"><img src=\"{IMAGE_URL}/803resize1.jpg\" width=\"400\" height=\"299\" title=\"\" alt=\"\" />&nbsp; &nbsp; &nbsp; &nbsp;</div></td></tr>\r\n<tr align=\"left\">\r\n<td align=\"left\" valign=\"top\">\r\n<div align=\"left\">\r\n<ul align=\"left\">\r\n<li style=\"list-style-type: square; padding: 5px 0px\" align=\"left\">Retail Garden Center</li></ul>\r\n<ul align=\"left\">\r\n<li style=\"list-style-type: square; padding: 5px 0px\" align=\"left\">Residential &amp; Commercial Landscaping</li></ul>\r\n<ul align=\"left\">\r\n<li style=\"list-style-type: square; padding: 5px 0px\" align=\"left\">Patio &amp; Retaining Wall Installation</li></ul>\r\n<ul align=\"left\">\r\n<li style=\"list-style-type: square; padding: 5px 0px\" align=\"left\">Tree Trimming</li></ul>\r\n<div align=\"left\">\r\n<div align=\"left\"><img src=\"{IMAGE_URL}/777resize1.jpg\" width=\"400\" height=\"299\" title=\"\" alt=\"\" /><br />\r\n<ul align=\"left\">\r\n<li style=\"list-style-type: square; padding: 5px 0px\" align=\"left\">Pond Installation</li>\r\n<li style=\"list-style-type: square; padding: 5px 0px\" align=\"left\">Landscape Maintenance</li>\r\n<li style=\"list-style-type: square; padding: 5px 0px\" align=\"left\">Bulk &amp; Bagged Mulch&nbsp;</li></ul></div><br />\r\n</div></div></td></tr></tbody></table>&nbsp; &nbsp;&nbsp;</div></td>\r\n<td class=\"tdSolid\" align=\"left\" valign=\"top\" width=\"100%\">\r\n<div class=\"dashView\" align=\"left\">\r\n&nbsp;\r\n<table cellpadding=\"3\" cellspacing=\"0\" width=\"100%\" align=\"left\">\r\n<tbody align=\"left\">\r\n<tr align=\"left\">\r\n<td width=\"99%\" align=\"left\" valign=\"top\">\r\n<h2 style=\"margin: 3px 1px 3px 1px; font-size: 1.2em\" align=\"left\"></h2></td></tr>\r\n<tr align=\"left\">\r\n<td align=\"left\" valign=\"top\"><br />\r\n</td></tr></tbody></table></div></td>\r\n<td class=\"tdSolid\" align=\"left\" valign=\"top\" width=\"100%\">\r\n<div class=\"dashView\" align=\"left\">\r\n<table cellpadding=\"3\" cellspacing=\"0\" width=\"100%\" align=\"left\">\r\n<tbody align=\"left\">\r\n<tr align=\"left\">\r\n<td width=\"99%\" align=\"left\" valign=\"top\">\r\n<h2 style=\"margin: 3px 1px 3px 1px; font-size: 1.2em\" align=\"left\">&nbsp;</h2></td></tr>\r\n<tr align=\"left\">\r\n<td align=\"left\" valign=\"top\"></td></tr></tbody></table></div></td></tr>\r\n<tr align=\"left\">\r\n<td class=\"tdSolid\" align=\"left\" valign=\"top\" colspan=\"3\"><br />\r\n</td></tr></tbody></table><br />\r\n</div><br />', '', '', '', NULL, NULL, NULL, '1', '', NULL, NULL, NULL, NULL, NULL, '', '', '', '', NULL, NULL, NULL, NULL, '1362324706', NULL, '', '0', '0', '0');
REPLACE INTO `rvs_project_page` (`project_page_id`, `rvs_usr_id`, `page_name`, `custom_page_name`, `rvs_component_id`, `page_data`, `page_data_zone_2`, `page_data_zone_3`, `page_data_zone_4`, `colume_width_1`, `colume_width_2`, `colume_width_3`, `rvs_layout_id`, `head`, `page_title`, `meta_keyword`, `meta_description`, `effect_page_enter`, `duration_page_enter`, `meta_page_effect`, `rvs_link_id`, `target`, `form_template_id`, `i_pathway`, `i_mail`, `i_print`, `i_favorite`, `last_modifier`, `link_active`, `page_type`, `blank_page`, `set_draft`, `is_member_page`) VALUES ('307fb1ea85a1a84f005eaada0030831c', '7c32d0277a1d1e880f94328034128a2a', 'Contact Us', '', 'd931c6fad2d24a8bb655e7424e35d1ba', '<div align=\"left\"><font style=\"font-size: larger\">56161 CR 143 West Lafayette, OH 43845<br />\r\n</font></div>\r\n<div align=\"left\"><font style=\"font-size: larger\">Next To Raven\'s Glenn Winery</font></div>\r\n<div align=\"left\"><font style=\"font-size: larger\">740-545-6656 Office</font></div>\r\n<div align=\"left\"><font style=\"font-size: larger\">740-502-7689 Cell</font></div>\r\n<div>&nbsp;</div>\r\n<div>&nbsp;</div><img alt=\"\" class=\"jotForm\" id=\"DragAndDropForm_0cd10fc2cdb3ae105081fba86cf064a9\" name=\"DragAndDropForm_0cd10fc2cdb3ae105081fba86cf064a9\" src=\"{IMAGE_URL}/spacer.gif\" frmid=\"0cd10fc2cdb3ae105081fba86cf064a9\" formtype=\"jotform\" height=\"600\" width=\"600\" align=\"center\" border=\"1\" /><br />\r\n<div>&nbsp;</div>\r\n<div>&nbsp;</div>\r\n<div>&nbsp;</div>\r\n<div>&nbsp;</div>', '', '', '', NULL, NULL, NULL, '1', '', NULL, NULL, NULL, NULL, NULL, '', '', '', '', NULL, NULL, NULL, NULL, '1362325202', NULL, '', '0', '0', '0');
REPLACE INTO `rvs_project_page` (`project_page_id`, `rvs_usr_id`, `page_name`, `custom_page_name`, `rvs_component_id`, `page_data`, `page_data_zone_2`, `page_data_zone_3`, `page_data_zone_4`, `colume_width_1`, `colume_width_2`, `colume_width_3`, `rvs_layout_id`, `head`, `page_title`, `meta_keyword`, `meta_description`, `effect_page_enter`, `duration_page_enter`, `meta_page_effect`, `rvs_link_id`, `target`, `form_template_id`, `i_pathway`, `i_mail`, `i_print`, `i_favorite`, `last_modifier`, `link_active`, `page_type`, `blank_page`, `set_draft`, `is_member_page`) VALUES ('2f5ad31bdc196b1607a8d594d27e44a1', '7c32d0277a1d1e880f94328034128a2a', 'Monthly Specials', '', '', '<!-- ####### LAYOUT CSS: MODIFY COLOR, FONT AND BOX SIZE HERE BUT DO NOT DELETE. ####### --><style type=\"text/css\">\r\n.type03bulletpad{\r\n		padding:5px 2px 0px 2px;\r\n		text-align:center;\r\n}\r\n.type03head{  \r\n		font-size:110%;\r\n		color:#313131;\r\n		font-weight:bold;\r\n		padding:0px 5px 7px 0px;\r\n}\r\n.type03line{\r\n		background-image:url({WEBSITE_URL}/line.gif); \r\n		background-position: center; \r\n		background-repeat:repeat-x; \r\n		height:10px;\r\n}\r\n.type03bggray{background-color:#B5B5B5;\r\n}\r\n.type03bggray02{background-color:#E5E5E5;\r\n}\r\n.type03bgwhite{background-color:#FFFFFF;\r\n}\r\n.type03imgpadding{padding:9px 0px 15px 0px;\r\n}\r\n</style><!-- ########################### END CSS LAYOUT ###########################  -->\r\n<table cellpadding=\"0\" cellspacing=\"0\" width=\"100%\">\r\n<tbody>\r\n<tr>\r\n<td align=\"left\" valign=\"top\">\r\n<table cellpadding=\"0\" cellspacing=\"0\" width=\"100%\" class=\"type03bggray\">\r\n<tbody>\r\n<tr>\r\n<td align=\"left\" valign=\"top\"><img src=\"{IMAGE_URL}/corner01.gif\" alt=\"\" width=\"6\" height=\"6\" /></td>\r\n<td width=\"99%\"></td>\r\n<td align=\"right\" valign=\"top\"><img src=\"{IMAGE_URL}/corner02.gif\" alt=\"\" width=\"7\" height=\"6\" /></td></tr>\r\n<tr>\r\n<td></td>\r\n<td align=\"left\" valign=\"top\">\r\n<table cellpadding=\"0\" cellspacing=\"0\" width=\"100%\" class=\"type03bgwhite\">\r\n<tbody>\r\n<tr>\r\n<td align=\"left\" valign=\"top\"><img src=\"{IMAGE_URL}/corner05.gif\" alt=\"\" width=\"7\" height=\"6\" /></td>\r\n<td width=\"99%\"></td>\r\n<td align=\"left\" valign=\"top\"><img src=\"{IMAGE_URL}/corner06.gif\" alt=\"\" width=\"6\" height=\"6\" /></td></tr>\r\n<tr>\r\n<td><br />\r\n</td>\r\n<td align=\"left\" valign=\"top\">Whatever Special You Will Be Doing<br />\r\n<br />Picture Too!</td>\r\n<td><br />\r\n</td></tr></tbody></table></td></tr>\r\n<tr>\r\n<td height=\"6\"><br />\r\n</td></tr>\r\n<tr>\r\n<td valign=\"top\"><br />\r\n</td>\r\n<td align=\"left\" valign=\"top\">\r\n<table cellpadding=\"0\" cellspacing=\"0\" width=\"100%\" class=\"type03bgwhite\">\r\n<tbody>\r\n<tr>\r\n<td height=\"7\" align=\"left\" valign=\"bottom\"><br />\r\n</td>\r\n<td></td>\r\n<td align=\"right\" valign=\"bottom\"><img src=\"{IMAGE_URL}/corner08.gif\" alt=\"\" width=\"6\" height=\"6\" /></td></tr></tbody></table></td>\r\n<td></td></tr>\r\n<tr>\r\n<td align=\"left\" valign=\"bottom\"><img src=\"{IMAGE_URL}/corner03.gif\" alt=\"\" width=\"6\" height=\"6\" /></td>\r\n<td></td>\r\n<td align=\"right\" valign=\"bottom\"><img src=\"{IMAGE_URL}/corner04.gif\" alt=\"\" width=\"6\" height=\"6\" /></td></tr></tbody></table></td></tr></tbody></table>', '', '', '', NULL, NULL, NULL, '1', '', NULL, NULL, NULL, NULL, NULL, '', '', '_self', '', NULL, NULL, NULL, NULL, '1361146083', NULL, NULL, '0', '0', '0');
REPLACE INTO `rvs_publish` (`project_id`, `rvs_publish_protocal`, `rvs_publish_domain`, `rvs_publish_path`, `rvs_domain_path`) VALUES ('99915651b7baafe91ed65aee3252bae3', 'http', 'kobelslandscaping.com', '', '/home/kobel/public_html');
REPLACE INTO `rvs_side_to_project` (`rvs_side_id`, `project_id`) VALUES ('42c09fc094dd147c0a61dd266214a7aa', '99915651b7baafe91ed65aee3252bae3');
REPLACE INTO `rvs_side_to_project` (`rvs_side_id`, `project_id`) VALUES ('f99acbe5b35ea1fc452d6cfa72db8e89', '99915651b7baafe91ed65aee3252bae3');
REPLACE INTO `rvs_side` (`rvs_side_id`, `side_config`, `side_value`) VALUES ('42c09fc094dd147c0a61dd266214a7aa', 'top', '');
REPLACE INTO `rvs_side` (`rvs_side_id`, `side_config`, `side_value`) VALUES ('f99acbe5b35ea1fc452d6cfa72db8e89', 'bottom', '<div>\r\n<div><img alt=\"facebook like\" id=\"fblike_7e594053608cf08596d449072ff540e9\" name=\"fblike_7e594053608cf08596d449072ff540e9\" src=\"/cpsess3974490048/3rdparty/rvsitebuilder/themes/default/sitebuilder/images5/spacer.gif\" border=\"1\" class=\"fbLikebutton fb_light_button_count\" data-send=\"true\" data-layout=\"button_count\" data-width=\"450\" data-show-faces=\"true\" data-colorscheme=\"light\" data-font=\"verdana\" /></div>\r\n<div>&nbsp;</div>&nbsp;</div>');
REPLACE INTO `rvs_template_item` (`template_item_id`, `products_id`, `template_id`, `template_item_folder`, `template_type_s_preview`, `color_id`, `picture_id`) VALUES ('1f3769621012e836d8806a6cb9e0aefb', '4-531-1', '1f3769621012e836d8806a6cb9e0aefb', 'pro_4-531-1_purple_Mobile_2', 'jpg', '59', '83');
REPLACE INTO `rvs_template_item_navigator_color` (`template_item_id`, `custom_color_group_id`) VALUES ('1f3769621012e836d8806a6cb9e0aefb', '11');
REPLACE INTO `rvs_template` (`template_id`, `default_template_item_id`, `default_template_item_id2`, `font_id`, `menustyle_id`, `navigator_id`, `default_layout_id`, `sort_priority`, `cdate`) VALUES ('1f3769621012e836d8806a6cb9e0aefb', '1f3769621012e836d8806a6cb9e0aefb', '', '12', '2', '999', 'b5e35372e5c8a791b968b9f4ba97c9c4', '200', '1288742400');
REPLACE INTO `rvs_menustyle` (`menustyle_id`, `menustyle_description`) VALUES ('2', 'horizontal');
REPLACE INTO `rvs_template_categories_xref` (`template_id`, `rvs_category_id`) VALUES ('1f3769621012e836d8806a6cb9e0aefb', '17');
REPLACE INTO `rvs_template_categories_xref` (`template_id`, `rvs_category_id`) VALUES ('1f3769621012e836d8806a6cb9e0aefb', '4');
REPLACE INTO `rvs_template_type_xref` (`template_id`, `template_type_id`) VALUES ('1f3769621012e836d8806a6cb9e0aefb', '2');
REPLACE INTO `rvs_template_type_xref` (`template_id`, `template_type_id`) VALUES ('1f3769621012e836d8806a6cb9e0aefb', '1');
REPLACE INTO `rvs_template_type` (`template_type_id`, `template_type_name`) VALUES ('2', 'Two-tone');
REPLACE INTO `rvs_template_type` (`template_type_id`, `template_type_name`) VALUES ('1', 'Flash');
REPLACE INTO `rvs_usr` (`rvs_usr_id`, `user_name`, `charset_id`) VALUES ('7c32d0277a1d1e880f94328034128a2a', 'kobel', '0');
